8. Calculate n(-5).
63
Let u(z) = 3*z**2 + 29*z - 1270. Determine u(0).
-1270
Let i(s) = -s**3 + 344*s**2 - 1034*s + 3753. Give i(341).
2
Let g(t) = 16*t**3 - 641*t**2 - 1912*t + 20. Determine g(-3).
-445
Let c(i) = -1379993*i + 5519953. What is c(4)?
-19
Let h(l) = -l**2 + 91342*l - 547974. Give h(6).
42
Let c(z) = 2*z**2 + 7581*z + 7584. Calculate c(-1).
5
Let h(y) = 2*y**2 - 157*y + 2114. What is h(20)?
-226
Let v(c) = -16*c**2 + 519*c - 3671. What is v(22)?
3
Let q(d) = -181*d**2 - 2144*d - 1851. Determine q(-11).
-168
Let w(t) = 6*t**2 + 151*t - 2566. Give w(21).
3251
Let b(n) = n**2 - 211*n - 71964. What is b(392)?
-1012
Let g(f) = 12347*f - 123683. What is g(10)?
-213
Let i(c) = -1742*c**2 - 242*c - 243. Give i(-1).
-1743
Let d(b) = 2*b**2 + 40*b - 363. Give d(-35).
687
Let f(p) = -74*p**2 - 7779*p - 8646. What is f(-104)?
-14
Let k(g) = 2160*g + 73440. Determine k(-34).
0
Let z(x) = -3*x**3 - 436*x**2 + 298*x - 188. Give z(-146).
-1064
Let z(g) = -8010*g - 712937. Give z(-89).
-47
Let z(r) = -175*r - 4274. Determine z(-29).
801
Let r(b) = 7*b**3 - 317*b**2 + 687*b + 50. Give r(43).
7
Let o(u) = 102641*u + 1539664. Determine o(-15).
49
Let j(c) = 259935*c + 4418874. Calculate j(-17).
-21
Let p(g) = 178*g + 3751. Determine p(-25).
-699
Let h(l) = 2085*l**2 + 16665*l - 117. Determine h(-8).
3
Let v(y) = -480800*y - 2403970. Give v(-5).
30
Let w(t) = -29*t**2 - 3833*t - 126648. Determine w(-66).
6
Let i(c) = -4*c**3 - 43*c**2 - 143*c - 94. Determine i(-5).
46
Let j(m) = 14*m**2 - 337*m - 2521. Give j(-8).
1071
Let p(x) = -x**2 + 4429*x + 187786. Determine p(-42).
4
Let w(a) = 63*a**3 + 252*a**2 + 500*a + 2018. Determine w(-4).
18
Let m(q) = q**3 - 21*q**2 - 330*q + 4434. Determine m(12).
-822
Let o(p) = -p**3 + 1201*p**2 + 90317*p + 369. Determine o(-71).
14
Let w(i) = -17*i**3 - 17*i**2 - 73*i - 8. Calculate w(-5).
2057
Let y(i) = 29*i - 37. What is y(41)?
1152
Let f(y) = 28121*y + 478082. What is f(-17)?
25
Let o(i) = -554*i + 69331. Determine o(126).
-473
Let k(i) = -2*i**3 + 561*i**2 + 5*i - 79822. Determine k(280).
-22
Let o(l) = -30167*l - 844801. What is o(-28)?
-125
Let n(b) = -b**3 + 15*b**2 + 1572*b - 12846. Calculate n(8).
178
Let m(l) = -519*l - 18301. Give m(-35).
-136
Let c(u) = u**2 - 100*u + 1373. Give c(20).
-227
Let f(l) = 19*l**2 + 2*l - 4. Give f(7).
941
Let w(u) = -u**3 + 1365*u**2 + 64910*u + 181. Give w(-46).
-3
Let u(y) = y**3 - 30*y**2 + 176*y - 593. Calculate u(16).
-1361
Let c(j) = -4*j**3 + 53*j**2 + 1548*j - 95. Calculate c(-14).
-403
Let f(b) = 334759*b - 2343306. What is f(7)?
7
Let k(g) = -134595*g + 269189. Give k(2).
-1
Let z(g) = -10*g**2 + 592*g - 410. Give z(60).
-890
Let p(s) = -s**2 - 105*s + 3108. What is p(-129)?
12
Let v(b) = -b**3 - 43*b**2 - 62*b + 520. Determine v(-41).
-300
Let j(r) = r**3 - 128*r**2 + 4063*r - 3611. Give j(54).
7
Let d(f) = -f**2 - 22593*f + 248686. What is d(11)?
42
Let a(v) = 619*v - 78624. Calculate a(127).
-11
Let w(n) = 3*n**2 + 100*n - 965. What is w(-40)?
-165
Let d(m) = -2*m**2 - 293*m - 2596. Give d(-142).
-1318
Let v(g) = 2*g**3 - 25*g**2 + 238*g - 2282. Determine v(11).
-27
Let p(u) = 52*u**3 - 623*u**2 - 38*u + 329. Calculate p(12).
17
Let c(h) = h**3 + 54*h**2 + 14924*h + 805877. Determine c(-54).
-19
Let j(x) = 10*x**3 - 1752*x**2 + 354*x - 442. Give j(175).
258
Let u(p) = -234543*p**2 - 1876346*p - 13. Calculate u(-8).
3
Let q(o) = -83678*o + 501613. Give q(6).
-455
Let a(n) = -2094*n - 217792. Determine a(-104).
-16
Let m(r) = -6704*r + 368748. What is m(55)?
28
Let b(j) = 286*j + 297. Calculate b(2).
869
Let s(b) = 940*b + 291408. Calculate s(-310).
8
Let g(k) = -k**3 - 153*k**2 - 2827*k + 21165. Calculate g(-130).
-25
Let y(g) = 91*g**2 - 1932*g - 1613. What is y(22)?
-73
Let b(i) = 161*i**3 - 7*i**2 + 7*i - 4. Determine b(2).
1270
Let q(u) = 27530*u - 10516456. Give q(382).
4
Let f(x) = 1331*x - 82223. Determine f(62).
299
Let m(f) = -3*f**2 + 581*f + 6112. What is m(-10)?
2
Let s(b) = -3680*b - 261286. Calculate s(-71).
-6
Let v(r) = -464*r - 35691. Calculate v(-77).
37
Let p(a) = 20*a**2 + 4714*a - 6118. What is p(-237)?
44
Let y(g) = 2*g**2 - 391*g - 7601. Determine y(215).
784
Let m(q) = 598*q**2 + 1442*q + 435. Calculate m(-2).
-57
Let j(d) = d**3 + 386*d**2 - 3956*d + 1550. Calculate j(-396).
-34
Let p(a) = 1070122*a + 8560983. Determine p(-8).
7
Let b(w) = 2*w**2 - 39*w - 855. Determine b(-22).
971
Let b(n) = 15*n**3 - 8*n**2 - 35*n - 125. Calculate b(-3).
-497
Let a(w) = -11*w**2 + 6348*w + 44420. What is a(584)?
36
Let w(i) = 2*i**3 + 8*i**2 + 57*i + 101. Determine w(-2).
3
Let y(u) = 830*u + 194058. Give y(-234).
-162
Let z(y) = -y**2 - 399*y - 22103. Calculate z(-339).
-1763
Let z(j) = -141*j - 54338. Give z(-381).
-617
Let v(m) = -2455*m + 28232. Determine v(11).
1227
Let c(z) = -z**3 - 38*z**2 + 150*z - 655. Determine c(-42).
101
Let m(w) = 1852*w - 870609. What is m(470)?
-169
Let o(m) = -11*m**3 + 392*m**2 + 135*m + 293. Determine o(36).
-31
Let h(r) = 31*r**2 - 50*r - 2054. Determine h(9).
7
Let a(g) = 1988*g + 21064. Give a(-10).
1184
Let a(h) = -h**2 - 54*h - 1181. Determine a(-33).
-488
Let n(u) = 366384*u + 6594912. Give n(-18).
0
Let z(v) = -v**3 + 210*v**2 + 7*v - 1802. Determine z(210).
-332
Let m(v) = v**3 - 465*v**2 + 3913*v - 2067. Calculate m(8).
-11
Let h(s) = -8*s**3 + 558*s**2 - 426*s - 259. Give h(69).
-1087
Let p(i) = -i**3 - 30*i**2 + 162*i + 1341. Give p(-34).
457
Let b(a) = a**3 - 3*a**2 + 77*a - 554. Determine b(10).
916
Let r(x) = -7*x**2 - 5271*x - 241491. Calculate r(-49).
-19
Let a(z) = 25333*z + 27156971. Determine a(-1072).
-5
Let c(s) = 2857*s - 38810. Calculate c(14).
1188
Let d(x) = 885*x + 32233. Give d(-37).
-512
Let x(v) = -2*v**3 - 330*v**2 - 110*v + 35739. Give x(-164).
-13
Let b(k) = k**3 + 210*k**2 - 329*k + 18585. What is b(-212)?
-1555
Let v(q) = 1352*q - 12626. Calculate v(9).
-458
Let k(l) = 4813*l + 1877158. What is k(-390)?
88
Let y(i) = i**3 - 28*i**2 + 168*i + 207. What is y(12)?
-81
Let k(n) = -n**3 + 78*n**2 - 733*n + 44890. Give k(76).
734
Let r(d) = -21*d**2 - 1901*d + 3808. Give r(2).
-78
Let z(b) = -b**3 + 203*b**2 + 122*b - 65420. Give z(202).
28
Let g(a) = 1871*a + 507041. Give g(-271).
0
Let r(n) = -n**3 + 98*n**2 + 90*n + 627. Calculate r(99).
-264
Let f(z) = 2*z**3 - 2976*z**2 - 5700*z - 387409. What is f(1490)?
-9
Let r(y) = 4330*y + 1220844. What is r(-282)?
-216
Let x(v) = -16*v**2 + 488*v + 1437. Give x(-3).
-171
Let i(b) = -93975*b + 56. Give i(0).
56
Let k(m) = 7*m**2 + 2971*m + 17379. What is k(-6)?
-195
Let u(n) = 20*n**2 + 861*n - 9302. Determine u(-52).
6
Let h(u) = 6*u**2 - 292*u - 3225. What is h(-11)?
713
Let a(f) = 14*f**2 + 270*f + 159. What is a(-20)?
359
Let j(w) = 794*w**2 + 171633*w + 27867. Calculate j(-216).
3
Let i(n) = 8681*n + 4201573. Give i(-484).
-31
Let y(t) = t**2 - 88*t + 2299. Give y(40).
379
Let w(k) = -k**3 - 371*k**2 - 59*k + 115070. Give w(-370).
0
Let q(m) = 105*m**2 - 9653*m - 649. Calculate q(92).
-5
Let j(w) = -6*w**3 + 91*w**2 + 662*w - 10153. Calculate j(15).
2
Let a(d) = -3*d**2 - 76*d - 293. Determine a(-21).
-20
Let g(j) = -1452*j - 371765. Calculate g(-256).
-53
Let y(n) = 456*n + 11642. Determine y(-23).
1154
Let o(f) = 2754*f**2 + 13784*f - 5. Calculate o(-5).
-75
Let s(z) = -2*z**3 - 296*z**2 + 57*z + 8425. Determine s(-148).
-11
Let p(u) = 3*u**3 - 210*u**2 + 1988*u - 1876. Give p(10).
4
Let b(z) = -42*z**2 - 1051*z - 159. Give b(-25).
-134
Let b(t) = -75*t**2 + 703*t + 75. Calculate b(10).
-395
Let u(h) = h**3 + 7*h**2 + 36410*h + 145634. Calculate u(-4).
42
Let k(c) = -c**3 + 36*c**2 + 5*c - 2753. Give k(33).
679
Let q(y) = 130*y - 9489. Calculate q(70).
-389
Let k(z) = 3*z**3 + 23*z**2 + 58*z + 91. Determine k(-8).
-437
Let b(c) = -112*c + 17528. Determine b(139).
1960
Let o(p) = 110*p + 640. Calculate o(-5).
90
Let y(r) = 3*r**3 + 28*r**2 - 38*r - 37. Determine y(-9).
386
Let k(v) = 20445*v - 81771. Determine k(4).
9
Let a(j) = -j**2 - 811*j - 11939. Determine a(-15).
1
Let a(g) = 54*g + 2513. Determine a(-51).
-241
Let z(k) = 82*k**2 + 1810*k - 350. Calculate z(-26).
8022
Let p(r) = -20390*r + 81544. What is p(4)?
-16
Let s(t) = -4*t**2 + 1128*t - 7661. Calculate s(275).
39
Let j(f) = -313859*f + 20086977. Calculate j(64).
1
Let b